e 4) to base 10
7609
What is -2240 (base 10) in base 3?
-10001222
Convert -701 (base 13) to base 12.
-828
Convert -1900 (base 10) to base 11.
-1478
Convert -a7 (base 15) to base 3.
-12211
Convert -2103 (base 11) to base 15.
-c5b
Convert -34088 (base 10) to base 14.
-c5cc
What is 12040 (base 7) in base 3?
11021101
-1007b (base 13) to base 4
-12333313
Convert 22110010 (base 3) to base 2.
1100000001111
Convert 2635 (base 10) to base 11.
1a86
What is -165263 (base 7) in base 15?
-9beb
-1112233 (base 4) to base 6
-41411
101 (base 3) to base 8
12
-1043004 (base 5) to base 13
-8565
Convert -12168 (base 9) to base 2.
-1111111100010
What is -1567 (base 9) in base 6?
-5311
Convert 1210201 (base 3) to base 6.
10031
-1110 (base 6) to base 8
-402
What is -50 (base 14) in base 5?
-240
Convert -8077 (base 11) to base 4.
-2213230
Convert -1200021222 (base 3) to base 13.
-12050
-121002 (base 3) to base 5
-3214
What is -4243001 (base 5) in base 4?
-101133022
2111120 (base 3) to base 11
1409
Convert 2662 (base 9) to base 10.
2000
What is 21200222 (base 3) in base 13?
272c
Convert -21011020 (base 3) to base 11.
-3a13
1314 (base 13) to base 4
222201
-4413 (base 8) to base 11
-1815
What is -1654 (base 15) in base 16?
-12c4
What is 11110110011 (base 2) in base 3?
2201000
What is -6744 (base 8) in base 14?
-1420
Convert -783b (base 12) to base 5.
-411140
155000 (base 7) to base 8
73477
-51265 (base 8) to base 4
-11022311
What is 682 (base 11) in base 13?
4aa
Convert -100010010010 (base 2) to base 8.
-4222
What is -102004 (base 7) in base 3?
-220000001
Convert -121021220 (base 3) to base 6.
-130553
475 (base 9) to base 14
200
1160 (base 13) to base 9
3315
What is 32 (base 14) in base 3?
1122
94 (base 13) to base 16
79
What is 2d3 (base 15) in base 16?
288
Convert 1111 (base 4) to base 13.
67
Convert -123310 (base 6) to base 4.
-2231322
What is -101000011001110 (base 2) in base 10?
-20686
-2bab (base 14) to base 2
-1111001110011
-220202 (base 3) to base 8
-1234
Convert -1b346 (base 13) to base 12.
-26a11
-13101300 (base 4) to base 2
-111010001110000
What is -4350 (base 13) in base 7?
-36201
What is 143011 (base 6) in base 4?
3110233
What is 12201 (base 4) in base 16?
1a1
7 (base 9) to base 16
7
175 (base 11) to base 14
107
What is 1131100 (base 4) in base 14?
2264
Convert 867 (base 16) to base 4.
201213
507 (base 13) to base 5
11402
Convert 357 (base 11) to base 3.
120202
-44651 (base 7) to base 13
-51b9
21a (base 14) to base 12
2a8
1942 (base 13) to base 2
111010111100
What is 23122 (base 4) in base 11?
604
1433230 (base 5) to base 12
15748
-125b (base 13) to base 12
-1617
What is -33031 (base 4) in base 12?
-691
What is -32726 (base 10) in base 12?
-16b32
-10032311 (base 4) to base 15
-5208
-835 (base 9) to base 13
-404
Convert -20000 (base 5) to base 6.
-5442
-32431 (base 5) to base 12
-1369
-1888 (base 10) to base 5
-30023
245 (base 10) to base 13
15b
What is 1747 (base 12) in base 4?
223213
-1a8b (base 13) to base 11
-3009
What is -81a (base 11) in base 12?
-6a5
Convert 243301 (base 5) to base 13.
425a
What is a98a (base 12) in base 15?
5807
cc (base 16) to base 6
540
-130 (base 10) to base 3
-11211
What is 65134 (base 9) in base 15?
cb9d
Convert 273 (base 10) to base 12.
1a9
What is b170 (base 16) in base 11?
31145
Convert -c2 (base 16) to base 6.
-522
Convert -114563 (base 7) to base 9.
-31558
Convert -2101002220 (base 3) to base 7.
-253152
What is -767 (base 16) in base 14?
-995
What is 39332 (base 11) in base 4?
31233230
Convert 24a41 (base 11) to base 8.
106025
What is 484 (base 9) in base 4?
12100
Convert -224022 (base 5) to base 15.
-2592
Convert -142 (base 7) to base 4.
-1033
What is -84 (base 10) in base 3?
-10010
Convert 41 (base 14) to base 2.
111001
Convert 10011110011100 (base 2) to base 13.
4800
10111011011000 (base 2) to base 8
27330
-143223 (base 5) to base 6
-44023
Convert -153207 (base 8) to base 12.
-27947
Convert 5e8 (base 15) to base 16.
53f
-25e (base 16) to base 7
-1524
Convert 4559 (base 13) to base 3.
111022112
3a0 (base 12) to base 13
336
-1229 (base 10) to base 4
-103031
-10102110 (base 3) to base 4
-213000
Convert 175 (base 16) to base 6.
1421
-30415 (base 9) to base 4
-10320311
711b (base 16) to base 9
43642
Convert -41605 (base 8) to base 7.
-101252
Convert -30031 (base 5) to base 15.
-861
What is -11022 (base 4) in base 12?
-236
Convert -18406 (base 9) to base 14.
-48cb
Convert 375 (base 14) to base 4.
22303
-1985 (base 10) to base 7
-5534
4112 (base 10) to base 14
16da
111101011 (base 2) to base 6
2135
-1267a (base 11) to base 8
-43304
What is a179 (base 15) in base 16?
8529
1104 (base 11) to base 7
4150
What is 4612 (base 7) in base 4?
122023
What is -186a (base 16) in base 14?
-23c6
Convert 55 (base 12) to base 16.
41
Convert 12000002 (base 3) to base 12.
213b
Convert -132105 (base 6) to base 11.
-9134
2218 (base 9) to base 6
11325
What is 3ea (base 15) in base 8?
1577
What is -1c (base 16) in base 8?
-34
What is -688 (base 12) in base 4?
-33020
Convert -100202200 (base 3) to base 16.
-1bcf
What is -2588a (base 12) in base 15?
-1034a
Convert 11101110111000 (base 2) to base 5.
442123
Convert -1000111101111001 (base 2) to base 3.
-1212101100
What is -886 (base 10) in base 3?
-1012211
-1d53 (base 14) to base 9
-7321
220401 (base 6) to base 12
a701
14628 (base 9) to base 11
7561
What is -ca42 (base 13) in base 2?
-110110111001100
What is -2b375 (base 12) in base 10?
-61001
-22110022 (base 3) to base 6
-44312
What is -601 (base 7) in base 11?
-249
Convert -1000111001 (base 2) to base 14.
-2c9
Convert -347 (base 10) to base 6.
-1335
Convert 120011 (base 3) to base 10.
409
What is -3422 (base 6) in base 2?
-1100100110
Convert 213 (base 4) to base 15.
29
Convert -12a3 (base 13) to base 3.
-10122211
What is -e1c (base 15) in base 7?
-12156
Convert -35637 (base 12) to base 7.
-416125
What is -44041 (base 6) in base 10?
-6073
-758 (base 9) to base 3
-211222
333 (base 12) to base 5
3341
-6731 (base 11) to base 15
-2962
What is 230023 (base 4) in base 2?
101100001011
Convert -1010000011000111 (base 2) to base 16.
-a0c7
Convert 2805 (base 11) to base 9.
4878
What is -2231 (base 6) in base 8?
-1013
3411 (base 9) to base 5
40041
What is -710 (base 8) in base 15?
-206
-340230 (base 6) to base 7
-146250
Convert 782 (base 10) to base 4.
30032
1538 (base 12) to base 15
b12
What is -112101 (base 3) in base 4?
-12010
15b (base 15) to base 10
311
Convert -292e (base 15) to base 14.
-32dd
What is 1153455 (base 6) in base 14?
186dd
-13330 (base 7) to base 14
-1450
What is -1389 (base 12) in base 3?
-10002220
Convert 21202000 (base 3) to base 10.
5643
-816 (base 9) to base 4
-22113
164 (base 12) to base 15
ea
-19d6a (base 14) to base 15
-14739
1100010110 (base 2) to base 9
1067
What is 153343 (base 6) in base 11?
10332
What is 100d (base 14) in base 3?
10210010
What is -55210 (base 7) in base 12?
-8001
Convert -13534 (base 6) to base 16.
-862
10010111110111 (base 2) to base 3
111022222
-204410 (base 7) to base 4
-20211311
2726 (base 13) to base 10
5609
What is 1744 (base 10) in base 4?
123100
What is 26880 (base 11) in base 3?
1221120102
244a (base 14) to base 8
14302
111232 (base 4) to base 2
10101101110
What is -8226 (base 10) in base 3?
-102021200
What is -10012 (base 3) in base 8?
-126
-266 (base 12) to base 8
-556
5f4 (base 16) to base 14
7ac
Convert -340 (base 16) to base 13.
-4c0
Convert 8007 (base 10) to base 12.
4773
What is 1235 (base 6) in base 10?
311
Convert -295 (base 14) to base 6.
-2231
-87b (base 15) to base 7
-5405
Convert 3212 (base 4) to base 9.
275
-79b (base 14) to base 5
-22014
What is 143102 (base 6) in base 3?
200201102
Convert -21155 (base 6) to base 5.
-43004
-5121 (base 7) to base 11
-1378
Convert -2743 (base 8) to base 15.
-6a7
Convert -11110100101100 (base 2) to base 16.
-3d2c
2001022201 (base 3) to base 14
109aa
22211 (base 3) to base 7
460
What is -7103 (base 9) in base 4?
-1101003
Convert 27 (base 9) to base 14.
1b
What is 120 (base 15) in base 4?
3333
Convert -223a (base 13) to base 2.
-1001010101101
What is 764 (base 13) in base 5?
20030
Convert 56a (base 15) to base 11.
a14
Convert 1122220 (base 3) to base 9.
1586
What is 60a3 (base 15) in base 5?
1123103
232024 (base 5) to base 8
20305
What is -54711 (base 8) in ba